-2*c - 1 = -a, 5*c - 2*a + 4 = -0*a. What is the units digit of (-26)/(-3)*((-25)/c + 4)?
3
Let c(v) = v**3 - 7*v**2 - 2*v. Let y be c(8). Let m = 14 + y. Suppose 58 = 2*x - m. What is the units digit of x?
0
Let q be (1*-6)/((-1)/(-3)). Let k = q - -23. Suppose 44 = h - 2*j, -2*h - 3*h - k*j + 280 = 0. What is the tens digit of h?
5
What is the hundreds digit of (-4303)/(-4) + (-45)/(-180)?
0
Suppose 0 = 6*w - 234 + 60. Suppose 0 = -3*a - w + 107. What is the units digit of a?
6
What is the units digit of (15/(-5))/(-24) + 22783/8?
8
Let x = 3937 - 1931. What is the tens digit of x?
0
Suppose 0 = 2*u - 4, -24*u = 4*p - 22*u - 10692. What is the tens digit of p?
7
Let o be 2/(-3)*(47 + 1). Let k = o - -12. Let l = 41 + k. What is the tens digit of l?
2
Let q = 33 + -12. Suppose 4*i = w + 12, -4*w - 24 = -6*i + 2*i. What is the units digit of q - (0/(-1))/i?
1
Let y = -1 + 3. Suppose 5*r + 4*b = 379, y*b - 380 = -5*r - 3*b. Suppose -r = -3*k - 2*n + 3*n, -3*k - 3*n + 63 = 0. What is the tens digit of k?
2
Suppose d - 104 = -3*d. Let y = d + 2. Let p = y + -12. What is the units digit of p?
6
What is the hundreds digit of 10*4/(-8) + 191 + 2?
1
Let z(t) = 2*t**3 - t**2 - 3*t - 2. Let u be z(3). Suppose 0 = -25*c + 23*c + u. What is the tens digit of c?
1
Suppose 4 = -b + 22. Let s(l) = 8*l - b*l**2 + 12 + 8*l**2 + 11*l**2. What is the tens digit of s(-9)?
2
Suppose 0*q = 2*q - 4. Let w(s) = 2*s - 11*s**2 + q*s**2 + 6 - 6*s**3 + 6*s**3 + s**3. What is the units digit of w(9)?
4
Let f(u) = u**3 - 9*u**2 - 6*u + 1. Let n = 2 + 14. Suppose -2*l = -2*k - 28, l = 5*k + n + 14. What is the units digit of f(l)?
1
What is the units digit of (1707/7)/((-52)/(-364))?
7
Let y(d) = d**2 + 6*d + 2. Let n be y(-4). Let t be (-2)/(n*(-2)/258). What is the units digit of t*(-5 - (-2 - 2))?
3
Let c = 35 - 32. Let n(b) = b**3 + 2*b**2 + 2*b + 4. What is the tens digit of n(c)?
5
What is the tens digit of (1330/4)/(16/96)?
9
Let r(c) = -c**3 - 7*c**2 - 9*c - 15. Let a be r(-7). What is the units digit of (23/(-2))/(2*(-2)/a)?
8
Let a(t) = -t + 2. Let b be 3/(-6) - 2/(-4). Let i be a(b). Suppose 53 = 5*s - 4*v, 0 = 3*s - 0*s + i*v - 23. What is the units digit of s?
9
Let q(j) = -j**3 + 10*j**2 - 8*j + 87. What is the units digit of q(8)?
1
Let q(s) = -s**2 + 9*s - 12. Let m be q(8). Let p be m + (0 - -1) + 46. Suppose 4*b + p = 127. What is the units digit of b?
1
Suppose -4*n - n + 2*h + 3327 = 0, 0 = n - h - 663. Suppose -5*d = 87 - n. What is the hundreds digit of d?
1
Suppose -2*y - 5 = -m - 3, 0 = -4*m + 3*y - 12. Let l(k) be the second derivative of k**4/12 + k**3/2 - 4*k. What is the tens digit of l(m)?
1
Let g = 2496 - 566. What is the hundreds digit of g?
9
Suppose 0 = -7*x + 2*x - 105. Let i = -20 - x. Let n(j) = 30*j + 2. What is the units digit of n(i)?
2
Let w(u) = u**2 - 8*u + 9. Let j be w(6). Let i be 1 - (j - (1 + -2)). Suppose -2*a - 4*f = -38, 4*a - i*f - 26 = -f. What is the units digit of a?
9
Suppose -553 = -5*l + 492. What is the tens digit of l?
0
What is the hundreds digit of 7 + 17886/24 - 6/(-8)?
7
Let h = 193 - 142. What is the units digit of h?
1
Let v = 703 - 718. Suppose 0*w + w = 25. Let f = w - v. What is the tens digit of f?
4
Let v be 8/((-4)/((-4)/(-1))). Let r(y) = y**2 + 10. Let s be r(v). Suppose -5*h + s = i - 5*i, 2*h = -5*i + 23. What is the units digit of h?
4
Let m be (3/6)/((-3)/(-30)). Suppose 0*s + 250 = m*s. Let h = -25 + s. What is the tens digit of h?
2
Let n = -101 - -476. What is the units digit of n?
5
Let p(a) = 23*a**2 - a - 4. Let k be p(3). Suppose 4*l = 5*i - k, 5*i - 245 = -4*l - l. Suppose 5*u - i = -19. What is the units digit of u?
5
Suppose 3*p - 3668 = -590. Suppose 2*u - p = -3*u - 4*r, -4*u = 3*r - 821. What is the units digit of u?
6
Let o(q) = -q**2 - 24*q - 8. Let d be o(-12). Let j = d - 102. What is the tens digit of j?
3
Let m = 10 + -6. Suppose 4*b - 2*g + 296 = 2*g, -5*b - m*g = 352. What is the tens digit of (-16)/b - (-196)/9?
2
What is the tens digit of 0/(-5) + (-28)/7 - -40?
3
Let u(k) = 3*k**3 - 2*k**2 - k + 6. Let b be (1 + -2)/(12/(-36)). What is the tens digit of u(b)?
6
Let o(f) = 8*f - 1. Let a be o(1). Suppose 4*v - a - 1 = 4*x, -v + 10 = -5*x. What is the tens digit of 35 + -2 + (v - 3)?
3
Let a = -20 + -47. Let j = a + 111. What is the units digit of 45/10*j/6?
3
Suppose -4*m + 1002 = 298. What is the hundreds digit of m?
1
Let b = 1796 - 725. What is the units digit of b?
1
Suppose 0 = -4*h - 4*b + 164, -2*b - 2*b = 4. Suppose -3*y + 0*y = -h. Suppose -2*l - y = -4*l. What is the units digit of l?
7
Let z(r) = -r**3 - 7*r**2 - 12. Let d be z(-9). What is the tens digit of d/(3 + (1 - 2))?
7
Suppose 53*y = 61*y - 368. What is the units digit of y?
6
Let v be -2 + -1 + 0 + 119. Let c = 248 - v. What is the units digit of c?
2
What is the units digit of (2/13)/1 - 77880/(-104)?
9
Suppose 2*o = o + 59. Let f = -81 - -127. Suppose -o = -3*h + f. What is the tens digit of h?
3
Let c = -6801 - -10992. What is the tens digit of c?
9
Let z = -18 + 16. Let y(i) = -4*i**3 - 2*i**2 + 2. Let r be y(z). What is the units digit of (6/4)/(1/r)?
9
Suppose -k - y + 6 = 0, 2*k + 14 = 5*y + 5. What is the units digit of 4 - (3/(12/(-436)) + k)?
0
Suppose -4*s = -3*b + 20, 0*s + 2*s + 10 = 5*b. Suppose -3*o + 4*c + 36 = b, 6*o - 2*c - 24 = 4*o. Let x = o - -3. What is the units digit of x?
5
Let k(h) = 6*h - 28. What is the units digit of k(16)?
8
Suppose 4*j - 9*j = -20. Suppose -3*x - 2*l + j = -x, 2*x = -l + 4. Suppose -15 = x*m - 39. What is the tens digit of m?
1
Suppose 17 = 2*o + 13. What is the units digit of 10 + 26 + o/(0 - -2)?
7
Let v(z) = -z**2 - 8*z - 10. Let c be v(-6). Suppose -34 = -p - w - 11, -c*w + 18 = p. What is the units digit of p?
8
Let k(u) = -u**3 - 10*u**2 - 2*u. Let s be k(-5). Let h be (-4)/(-10) - s/25. Suppose -h*i + 5*x + 12 = -33, 2*x - 15 = -i. What is the tens digit of i?
1
Let s be 0 - (-3)/(12/16). Suppose -n = 2*n + 2*q - 287, 0 = 5*n + 2*q - 477. Suppose 0 = k + s*k - n. What is the tens digit of k?
1
Let t = -9 - -24. Let f = t + 137. What is the hundreds digit of f?
1
Let m(x) = 7*x - 90. Let r(l) = 4*l - 46. Let p(s) = -3*m(s) + 5*r(s). What is the units digit of p(19)?
1
Let c(f) = -f**3 + 31*f**2 - 47*f + 98. What is the units digit of c(22)?
0
Suppose 0 = -w + 4*w - 24. Let b = w + -6. Suppose b*i + 3*i = 100. What is the units digit of i?
0
Suppose 0 = -2*d + 4*o + 432, -246 = -5*d - 5*o + 909. Suppose 0 = 2*g - 2*f - d, 4*g - 5*f - 226 = 2*g. What is the tens digit of g?
1
Suppose 0 = 3*z - 53 + 2. Let k = z + -24. Let h(o) = -4*o - 16. What is the tens digit of h(k)?
1
Suppose 35*m = 47*m - 31188. What is the tens digit of m?
9
What is the tens digit of (71526/455)/(4/50)?
6
Let u be 19 + (5 + 0)/(-5). Suppose -u*z = -13*z - 420. What is the units digit of z?
4
Let o(t) = 10*t**3 - t**2 - 18*t - 4. What is the units digit of o(6)?
2
Suppose -5*n = 25, -2*x = -7*x + 2*n + 4015. What is the hundreds digit of x?
8
What is the hundreds digit of (590/(-3))/(-7 + 305/45)?
8
Let f = 2500 + -1566. What is the units digit of f?
4
Suppose s = -2*s. Let n = 19 + s. What is the units digit of n?
9
What is the thousands digit of ((-60915)/620)/(3/(-88))?
2
Let o(v) = -v + 7. Let b be o(4). Suppose b*p + 2*i + 2*i = 214, 3*p - 4*i = 182. What is the tens digit of p?
6
Suppose 4*r - 684 = 3*d, -3*r + 3*d + 214 = -302. Suppose -4*o + o - r = 0. What is the units digit of (-15)/(-1)*o/(-21)?
0
What is the hundreds digit of 1/((-2)/(3730/(-1)))?
8
Let b = 222 - -22. Let s = b + -152. What is the units digit of s*((-9)/(-4) - 2)?
3
Let b = -1429 - -1883. What is the tens digit of b?
5
Let u(b) be the second derivative of b**5/20 - 3*b**4/4 + 11*b**2 + 24*b. What is the tens digit of u(9)?
2
Let g = -24 - -34. Let r(k) = 6*k - 7. What is the tens digit of r(g)?
5
Let h = 156 - -11. What is the tens digit of h?
6
Let s(w) = 3*w**2 + 100. What is the tens digit of s(31)?
8
Let i = 279 - 241. What is the tens digit of i?
3
Let q(k) = k**3 - 4*k**2 - 31*k + 101. What is the hundreds digit of q(13)?
2
Suppose -2*r + h = -272, 272 = 3*r - r - 2*h. Let n be 10/35 - r/(-14). Suppose -2*w + n = 3*w. What is the units digit of w?
2
Let f = -1 - -2. What is the hundreds digit